 prime factors of 29541.
3, 43, 229
What are the prime factors of 2510368?
2, 7, 1601
What are the prime factors of 174900?
2, 3, 5, 11, 53
What are the prime factors of 253971?
3, 28219
What are the prime factors of 135092?
2, 33773
What are the prime factors of 2064783?
3, 7, 98323
What are the prime factors of 5461239?
3, 7, 31, 8389
What are the prime factors of 5000283?
3, 47, 11821
List the prime factors of 167243.
29, 73, 79
What are the prime factors of 6727293?
3, 23, 157
What are the prime factors of 9064095?
3, 5, 29, 67, 311
What are the prime factors of 2270229?
3, 13, 58211
List the prime factors of 728590.
2, 5, 72859
What are the prime factors of 28290?
2, 3, 5, 23, 41
List the prime factors of 4417592.
2, 83, 6653
What are the prime factors of 3213109?
19, 169111
List the prime factors of 27794376.
2, 3, 83, 4651
List the prime factors of 3163140.
2, 3, 5, 17573
List the prime factors of 19398292.
2, 17, 23, 79, 157
What are the prime factors of 7463506?
2, 47, 79399
What are the prime factors of 371412?
2, 3, 19, 181
List the prime factors of 560252.
2, 7, 11, 17, 107
What are the prime factors of 575660?
2, 5, 107, 269
List the prime factors of 593382.
2, 3, 98897
List the prime factors of 178504.
2, 53, 421
List the prime factors of 1047718.
2, 7, 10691
What are the prime factors of 205163?
7, 53, 79
List the prime factors of 4490031.
3, 7, 13, 16447
What are the prime factors of 555092?
2, 73, 1901
List the prime factors of 58235.
5, 19, 613
What are the prime factors of 109372?
2, 37, 739
List the prime factors of 554625.
3, 5, 17, 29
List the prime factors of 1076559.
3, 11, 17, 19, 101
What are the prime factors of 12701594?
2, 29, 218993
List the prime factors of 336561.
3, 43, 2609
List the prime factors of 946155.
3, 5, 7, 9011
What are the prime factors of 269144?
2, 17, 1979
What are the prime factors of 7014351?
3, 73, 32029
What are the prime factors of 11011663?
13, 847051
What are the prime factors of 2629263?
3, 7, 13, 9631
What are the prime factors of 16201623?
3, 19, 31, 53, 173
List the prime factors of 473257.
473257
List the prime factors of 39308020.
2, 5, 43, 45707
List the prime factors of 526714.
2, 53, 4969
What are the prime factors of 502204?
2, 125551
List the prime factors of 2490367.
11, 226397
What are the prime factors of 206715?
3, 5, 13781
List the prime factors of 8127070.
2, 5, 7, 116101
What are the prime factors of 4263120?
2, 3, 5, 31, 191
What are the prime factors of 4282511?
79, 151, 359
List the prime factors of 280179.
3, 1153
List the prime factors of 39405.
3, 5, 37, 71
What are the prime factors of 48561?
3, 16187
What are the prime factors of 11362058?
2, 31, 183259
List the prime factors of 306380.
2, 5, 15319
What are the prime factors of 689776?
2, 19, 2269
What are the prime factors of 4707?
3, 523
List the prime factors of 271108.
2, 67777
What are the prime factors of 2612503?
2612503
What are the prime factors of 162589?
7, 23227
What are the prime factors of 307113?
3, 167, 613
List the prime factors of 276896.
2, 17, 509
List the prime factors of 1367284.
2, 341821
What are the prime factors of 9926922?
2, 3, 613, 2699
List the prime factors of 231844.
2, 149, 389
What are the prime factors of 692793?
3, 2851
List the prime factors of 976312.
2, 122039
What are the prime factors of 407422?
2, 17, 23, 521
What are the prime factors of 243683?
11, 22153
List the prime factors of 4392782.
2, 997, 2203
List the prime factors of 474903.
3, 11, 13, 41
What are the prime factors of 1410433?
73, 139
List the prime factors of 391487.
391487
What are the prime factors of 299655?
3, 5, 6659
List the prime factors of 249920.
2, 5, 11, 71
List the prime factors of 818651.
467, 1753
List the prime factors of 2413906.
2, 11, 113, 971
List the prime factors of 487005.
3, 5, 32467
List the prime factors of 1872223.
23, 81401
List the prime factors of 75067.
271, 277
What are the prime factors of 5136991?
89, 57719
List the prime factors of 654220.
2, 5, 7, 4673
What are the prime factors of 2594648?
2, 7, 6619
What are the prime factors of 10756517?
10756517
What are the prime factors of 77885?
5, 37, 421
What are the prime factors of 7066078?
2, 31, 113969
What are the prime factors of 619379?
127, 4877
What are the prime factors of 3110375?
5, 149, 167
What are the prime factors of 69678?
2, 3, 7, 79
What are the prime factors of 1155552?
2, 3, 12037
What are the prime factors of 15941202?
2, 3, 2656867
What are the prime factors of 3581253?
3, 13, 19, 179
List the prime factors of 7899680.
2, 5, 97, 509
List the prime factors of 25603249.
7, 3657607
List the prime factors of 7377948.
2, 3, 29, 37, 191
List the prime factors of 1911010.
2, 5, 41, 59, 79
What are the prime factors of 173465?
5, 34693
What are the prime factors of 12022710?
2, 3, 5, 7, 57251
What are the prime factors of 225921?
3, 75307
What are the prime factors of 14877235?
5, 1109, 2683
List the prime factors of 2292109.
31, 73939
List the prime factors of 182430.
2, 3, 5, 2027
What are the prime factors of 3111868?
2, 283, 2749
List the prime factors of 451852.
2, 83, 1361
List the prime factors of 312060.
2, 3, 5, 7, 743
What are the prime factors of 212363?
19, 11177
What are the prime factors of 1265474?
2, 7, 37, 349
List the prime factors of 2537004.
2, 3, 53, 3989
List the prime factors of 10365.
3, 5, 691
What are the prime factors of 1089853?
17, 64109
What are the prime factors of 7748264?
2, 31, 157, 199
List the prime factors of 2933174.
2, 997, 1471
What are the prime factors of 122265?
3, 5, 11, 13, 19
What are the prime factors of 4751482?
2, 19, 6581
What are the prime factors of 208114?
2, 17, 6121
List the prime factors of 9437644.
2, 29, 81359
List the prime factors of 211111.
107, 1973
What are the prime factors of 394011?
3, 14593
What are the prime factors of 329443?
17, 19379
What are the prime factors of 35984552?
2, 31, 41, 3539
List the prime factors of 9552368.
2, 7, 17, 29, 173
What are the prime factors of 7530?
2, 3, 5, 251
What are the prime factors of 3962915?
5, 11, 72053
List the prime factors of 432190.
2, 5, 11, 3929
List the prime factors of 21518.
2, 7, 29, 53
What are the prime factors of 189706?
2, 11, 8623
What are the prime factors of 2727091?
1021, 2671
List the prime factors of 2373611.
2373611
List the prime factors of 1538475.
3, 5, 73, 281
List the prime factors of 7529190.
2, 3, 5, 113, 2221
What are the prime factors of 1236915?
3, 5, 27487
List the prime factors of 86348.
2, 21587
What are the prime factors of 5041009?
5041009
What are the prime factors of 198124?
2, 49531
List the prime factors of 3630574.
2, 1815287
What are the prime factors of 1168054?
2, 584027
What are the prime factors of 78038?
2, 39019
List the prime factors of 421170.
2, 3, 5, 101, 139
List the prime factors of 55036.
2, 13759
What are the prime factors of 6493023?
3, 61, 11827
What are the prime factors of 403405?
5, 80681
What are the prime factors of 3412598?
2, 7, 173, 1409
What are the prime factors of 276097?
17, 109, 149
What are the prime factors of 306393?
3, 41, 47, 53
What are the prime factors of 269192?
2, 7, 11, 19, 23
What are the prime factors of 3262545?
3, 5, 11, 13
What are the prime factors of 162121?
223, 727
What are the prime factors of 295761?
3, 311, 317
List the prime factors of 9846398.
2, 43, 114493
List the prime factors of 941728.
2, 29429
What are the prime factors of 6619719?
3, 347, 6359
What are the prime factors of 22654366?
2, 7, 31, 7457
What are the prime factors of 115875?
3, 5, 103
What are the prime factors of 169861?
59, 2879
What are the prime factors of 328481?
328481
What are the prime factors of 2922608?
2, 13, 14051
List the prime factors of 62222.
2, 53, 587
List the prime factors of 313258.
2, 11, 29, 491
List the prime factors of 936090.
2, 3, 5, 3467
What are the prime factors of 9901860?
2, 3, 5, 79, 2089
What are the prime factors of 671633?
671633
What are the prime factors of 232744?
2, 47, 619
What are the prime factors of 603224?
2, 75403
List the prime factors of 847875.
3, 5, 7, 17, 19
What are the prime factors of 1188106?
2, 31, 19163
List the prime factors of 1346268.
2, 3, 7, 11, 31, 47
What are the prime factors of 27053